 the hundreds digit of 5728829?
8
What is the units digit of 21101148?
8
What is the hundred thousands digit of 3526833?
5
What is the hundred thousands digit of 112501?
1
What is the thousands digit of 547843?
7
What is the ten thousands digit of 388679?
8
What is the thousands digit of 188316?
8
What is the tens digit of 460300?
0
What is the millions digit of 21047185?
1
What is the hundred thousands digit of 8544184?
5
What is the units digit of 390703?
3
What is the units digit of 8517547?
7
What is the hundred thousands digit of 34087117?
0
What is the hundreds digit of 1435595?
5
What is the thousands digit of 349308?
9
What is the hundred thousands digit of 11269172?
2
What is the hundreds digit of 11689061?
0
What is the hundred thousands digit of 1818839?
8
What is the thousands digit of 5493698?
3
What is the ten thousands digit of 1085108?
8
What is the hundreds digit of 43275200?
2
What is the units digit of 9339414?
4
What is the tens digit of 12129307?
0
What is the ten thousands digit of 350803?
5
What is the units digit of 21922786?
6
What is the tens digit of 3519355?
5
What is the hundreds digit of 2871205?
2
What is the tens digit of 4929772?
7
What is the ten thousands digit of 4760703?
6
What is the units digit of 97356?
6
What is the tens digit of 224189?
8
What is the ten thousands digit of 101524?
0
What is the hundreds digit of 755666?
6
What is the tens digit of 313416?
1
What is the hundreds digit of 2185399?
3
What is the thousands digit of 2995080?
5
What is the hundred thousands digit of 6682740?
6
What is the hundreds digit of 1510188?
1
What is the tens digit of 411762?
6
What is the hundred thousands digit of 3853221?
8
What is the hundreds digit of 2336449?
4
What is the millions digit of 3116222?
3
What is the tens digit of 365174?
7
What is the units digit of 140786?
6
What is the hundred thousands digit of 2069245?
0
What is the ten thousands digit of 9925638?
2
What is the hundreds digit of 1536035?
0
What is the units digit of 2090107?
7
What is the units digit of 2331355?
5
What is the thousands digit of 389566?
9
What is the millions digit of 2413740?
2
What is the thousands digit of 1035518?
5
What is the units digit of 130613?
3
What is the ten thousands digit of 263772?
6
What is the ten thousands digit of 6881084?
8
What is the units digit of 134956?
6
What is the units digit of 233136?
6
What is the ten thousands digit of 48615?
4
What is the ten thousands digit of 593210?
9
What is the hundred thousands digit of 1952934?
9
What is the tens digit of 586037?
3
What is the units digit of 123257?
7
What is the thousands digit of 3407094?
7
What is the hundred thousands digit of 10733094?
7
What is the hundred thousands digit of 2251931?
2
What is the hundred thousands digit of 897248?
8
What is the thousands digit of 636508?
6
What is the hundreds digit of 8029?
0
What is the hundred thousands digit of 2640358?
6
What is the hundred thousands digit of 865362?
8
What is the units digit of 7520072?
2
What is the tens digit of 7865103?
0
What is the thousands digit of 1292272?
2
What is the thousands digit of 185501?
5
What is the thousands digit of 9663168?
3
What is the thousands digit of 183684?
3
What is the hundreds digit of 107264?
2
What is the hundreds digit of 12007877?
8
What is the thousands digit of 15414241?
4
What is the hundreds digit of 1180046?
0
What is the thousands digit of 979086?
9
What is the hundred thousands digit of 365013?
3
What is the units digit of 11367501?
1
What is the ten thousands digit of 380974?
8
What is the ten thousands digit of 543777?
4
What is the tens digit of 218030?
3
What is the units digit of 371366?
6
What is the millions digit of 26696619?
6
What is the ten millions digit of 33003498?
3
What is the units digit of 183234?
4
What is the tens digit of 38290?
9
What is the hundreds digit of 4892736?
7
What is the hundreds digit of 446482?
4
What is the hundreds digit of 142600?
6
What is the hundreds digit of 4907503?
5
What is the hundreds digit of 7643604?
6
What is the hundreds digit of 68726?
7
What is the tens digit of 7025187?
8
What is the hundreds digit of 110479?
4
What is the hundred thousands digit of 903168?
9
What is the units digit of 189534?
4
What is the units digit of 9393843?
3
What is the ten millions digit of 15228571?
1
What is the hundreds digit of 4316184?
1
What is the hundred thousands digit of 118616?
1
What is the hundreds digit of 5475906?
9
What is the hundreds digit of 257956?
9
What is the hundred thousands digit of 13109389?
1
What is the thousands digit of 2993370?
3
What is the tens digit of 6183292?
9
What is the units digit of 2698291?
1
What is the units digit of 604031?
1
What is the units digit of 568215?
5
What is the thousands digit of 6557236?
7
What is the millions digit of 2689155?
2
What is the hundred thousands digit of 3375346?
3
What is the thousands digit of 1186020?
6
What is the hundred thousands digit of 534979?
5
What is the hundreds digit of 299039?
0
What is the hundred thousands digit of 808450?
8
What is the hundred thousands digit of 24420325?
4
What is the millions digit of 5512923?
5
What is the ten millions digit of 12232803?
1
What is the millions digit of 1156929?
1
What is the millions digit of 6056559?
6
What is the units digit of 15884486?
6
What is the thousands digit of 35204?
5
What is the units digit of 198407?
7
What is the hundreds digit of 1765710?
7
What is the hundred thousands digit of 199343?
1
What is the thousands digit of 27849735?
9
What is the ten thousands digit of 3068598?
6
What is the ten thousands digit of 9626785?
2
What is the units digit of 2139389?
9
What is the ten thousands digit of 204344?
0
What is the hundreds digit of 1142638?
6
What is the units digit of 1290600?
0
What is the units digit of 244352?
2
What is the units digit of 65320?
0
What is the millions digit of 9260082?
9
What is the units digit of 1503887?
7
What is the ten thousands digit of 144687?
4
What is the units digit of 8220521?
1
What is the ten thousands digit of 85907?
8
What is the hundred thousands digit of 1003992?
0
What is the hundreds digit of 3252834?
8
What is the units digit of 435078?
8
What is the units digit of 156243?
3
What is the units digit of 415782?
2
What is the ten thousands digit of 81818?
8
What is the hundreds digit of 1051447?
4
What is the tens digit of 2436842?
4
What is the tens digit of 361706?
0
What is the tens digit of 216213?
1
What is the hundred thousands digit of 2280160?
2
What is the ten thousands digit of 4066306?
6
What is the hundred thousands digit of 825690?
8
What is the ten thousands digit of 3649326?
4
What is the tens digit of 62704?
0
What is the tens digit of 1125269?
6
What is the tens digit of 1713950?
5
What is the millions digit of 15288740?
5
What is the millions digit of 1611896?
1
What is the units digit of 89446?
6
What is the ten thousands digit of 19126161?
2
What is the units digit of 1194425?
5
What is the units digit of 44618?
8
What is the hundreds digit of 115849?
8
What is the hundreds digit of 69303?
3
What is the millions digit of 1172081?
1
What is the units digit of 667944?
4
What is the units digit of 2825390?
0
What is the units digit of 152020?
0
What is the units digit of 7280?
0
What is the units digit of 9877656?
6
What is the thousands digit of 78765?
8
What is the ten thousands digit of 800175?
0
What is the ten thousands digit of 77912?
7
What is the ten thousands digit of 21394606?
9
What is the hundreds digit of 360948?
9
What is the units digit of 2463131?
1
What is the units digit of 348629?
9
What is the hundred thousands digit of 107932?
1
What is the thousands digit of 452937?
2
What is the units digit of 888097?
7
What is the hundreds digit of 1011652?
6
What is the ten thousands digit of 35676?
3
What is the ten thousands digit of 4362546?
6
What is the ten thousands digit of 554432?
5
What is the millions digit of 5977029?
5
What is the hundred thousands digit of 142030?
1
What is the units digit of 381675?
5
What is the millions digit of 2494607?
2
What is the hundred thousands digit of 3011752?
0
What is the millions digit of 4593854?
4
What is the tens digit of 17484698?
9
What is the ten thousands di